{"id":3,"date":"2025-07-25T23:15:11","date_gmt":"2025-07-25T23:15:11","guid":{"rendered":"https:\/\/asesoriafiscalmarbella.es\/?page_id=3"},"modified":"2025-07-27T10:36:33","modified_gmt":"2025-07-27T10:36:33","slug":"privacy-policy","status":"publish","type":"page","link":"https:\/\/asesoriafiscalmarbella.es\/index.php\/privacy-policy\/","title":{"rendered":"Pol\u00edtica de Privacidad"},"content":{"rendered":"\n<p>De conformidad con lo establecido en el REGLAMENTO (UE) 2016\/679 de protecci\u00f3n de datos de car\u00e1cter personal y la Ley Org\u00e1nica 3\/2018, de 5 de diciembre, de Protecci\u00f3n de Datos y garant\u00eda de los derechos digitales, le informamos que a trav\u00e9s de este sitio web no se recaban datos de car\u00e1cter personal de los usuarios sin su conocimiento, ni se ceden a terceros.<\/p>\n\n\n\n<p>La web de la que es titular asesoriafiscalmarbella.es. contiene enlaces a sitios webs de terceros, cuyas pol\u00edticas de privacidad son ajenas a las de asesoriafiscalmarbella.es<\/p>\n\n\n\n<p>Al acceder a tales sitios web usted puede decidir si acepta sus pol\u00edticas de privacidad y de cookies. Con car\u00e1cter general, si navega por internet usted puede aceptar o rechazar las cookies de terceros desde las opciones de configuraci\u00f3n de su navegador.<\/p>\n\n\n\n<p>\u00bfQui\u00e9n es el responsable del tratamiento de sus datos?<\/p>\n\n\n\n<p>&nbsp;Responsable del tratamiento: asesoriafiscalmarbella.es<\/p>\n\n\n\n<p>Direcci\u00f3n: &nbsp;&nbsp;&nbsp;&nbsp;&nbsp;&nbsp;&nbsp;&nbsp;&nbsp;&nbsp;&nbsp;&nbsp;&nbsp;&nbsp;&nbsp;&nbsp;&nbsp;&nbsp;&nbsp;&nbsp;&nbsp;&nbsp;&nbsp;&nbsp;&nbsp;&nbsp;&nbsp;&nbsp;&nbsp;Los Naranjos de Marbella, 23 F1 \u2013 29660 Marbella \u2013 M\u00e1laga (Espa\u00f1a)<\/p>\n\n\n\n<p>Tel\u00e9fono:&nbsp;&nbsp;&nbsp;&nbsp;&nbsp;&nbsp;&nbsp;&nbsp;&nbsp;&nbsp;&nbsp;&nbsp;&nbsp;&nbsp;&nbsp;&nbsp;&nbsp;&nbsp;&nbsp;&nbsp;&nbsp;&nbsp;&nbsp;&nbsp;&nbsp;&nbsp;&nbsp;&nbsp;&nbsp;&nbsp;&nbsp; 630 425 566 &nbsp;<\/p>\n\n\n\n<p>E-mail:&nbsp;&nbsp;&nbsp;&nbsp;&nbsp;&nbsp;&nbsp;&nbsp;&nbsp;&nbsp;&nbsp;&nbsp;&nbsp;&nbsp;&nbsp;&nbsp;&nbsp;&nbsp;&nbsp;&nbsp;&nbsp;&nbsp;&nbsp;&nbsp;&nbsp;&nbsp;&nbsp;&nbsp; &nbsp;&nbsp;&nbsp;&nbsp;&nbsp;contacto@asesoriafiscalmarbella.es&nbsp;&nbsp;&nbsp;&nbsp;<\/p>\n\n\n\n<p>Procedencia y categor\u00edas de los datos que tratamos<\/p>\n\n\n\n<p>Procedencia: los datos que tratamos proceden directamente del propio interesado y los obtenemos a trav\u00e9s de e-mail, tel\u00e9fono y formularios Web<\/p>\n\n\n\n<p>Las categor\u00edas de datos que tratamos son:<\/p>\n\n\n\n<ul class=\"wp-block-list\">\n<li>Datos identificativos: nombre, imagen.<\/li>\n\n\n\n<li>Datos de contacto: direcci\u00f3n de correo electr\u00f3nica.<\/li>\n<\/ul>\n\n\n\n<p>Finalidad y legitimaci\u00f3n del tratamiento de sus datos personales<\/p>\n\n\n\n<figure class=\"wp-block-table\"><table class=\"has-fixed-layout\"><tbody><tr><td>Obtenci\u00f3n de datos en Formularios Web Contacto Los datos personales recibidos a trav\u00e9s de nuestros formularios web son tratados para responder a las consultas o peticiones de informaci\u00f3n y presupuestos solicitados por los interesados<\/td><td>Art 6.1b) del RGPD.&nbsp; El tratamiento de los datos es necesario para aplicar medidas precontractuales a petici\u00f3n del interesado.<\/td><\/tr><tr><td>Fotograf\u00edas publicadas en la Web El tratamiento de im\u00e1genes de los interesados que han prestado su consentimiento para la publicaci\u00f3n de su imagen en la web del Responsable.<\/td><td>Art. 6.1 a) RGPD El interesado dio su consentimiento para este fin espec\u00edfico.<\/td><\/tr><tr><td>Consentimientos obtenidos &nbsp; Los documentos\/registro de los consentimientos obtenidos por nuestra parte ser\u00e1n conservados para dar cumplimiento a una obligaci\u00f3n legal.<\/td><td>Art. 7 RGPD. Condiciones para el consentimiento. &nbsp; Art. 6.1 c) RGPD El tratamiento de los datos es necesario para dar cumplimiento a una obligaci\u00f3n legal aplicable al Responsable del tratamiento.<\/td><\/tr><\/tbody><\/table><\/figure>\n\n\n\n<p>Conservaci\u00f3n de sus datos personales.<\/p>\n\n\n\n<p>Sus datos ser\u00e1n conservados durante los plazos legalmente establecidos en funci\u00f3n de los fines para los que fueron obtenidos, seg\u00fan detallamos a continuaci\u00f3n:<\/p>\n\n\n\n<p>Adopci\u00f3n de medidas pre contractuales: cuando el tratamiento de sus datos est\u00e9 basado en la aplicaci\u00f3n de medidas pre contractuales para atender su petici\u00f3n de informaci\u00f3n y\/o presupuesto, sus datos ser\u00e1n conservados por un per\u00edodo m\u00e1ximo de un a\u00f1o desde que fueron obtenidos. Transcurrido este plazo, sus datos ser\u00e1n totalmente eliminados de nuestros sistemas de informaci\u00f3n.<\/p>\n\n\n\n<p>Su consentimiento prestado: cuando le solicitemos su consentimiento para el tratamiento de sus datos personales, conservaremos sus datos durante el tiempo estrictamente necesario para cumplir con los fines para los que obtuvimos su consentimiento, hasta que dejen de ser necesarios para dichos fines o, en su defecto, hasta que usted decida retirar su consentimiento prestado.<\/p>\n\n\n\n<p>Cumplimiento de una obligaci\u00f3n legal\/Condiciones para el consentimiento: si usted retira su consentimiento, conservaremos el registro\/documento de su consentimiento prestado durante el plazo de prescripci\u00f3n legal prevista en la normativa sobre protecci\u00f3n de datos.<\/p>\n\n\n\n<p>Comunicaci\u00f3n de sus datos a terceros<\/p>\n\n\n\n<p>No comunicamos sus datos personales a terceros, salvo obligaci\u00f3n legal aplicable a nuestra entidad. Por ejemplo, en caso de requerimiento, sus datos podr\u00edan ser comunicados a la Agencia Espa\u00f1ola de Protecci\u00f3n de Datos para dar cumplimiento a una obligaci\u00f3n legal.<\/p>\n\n\n\n<p>Asimismo, le informamos que, de manera accesoria y solo cuando resulta necesario, sus datos podr\u00edan ser tratados por profesionales externos que nos prestan servicios auxiliares necesarios para el desempe\u00f1o de nuestra actividad profesional como, por ejemplo, el proveedor que nos suministra el dominio de nuestros correos electr\u00f3nicos corporativos o el hospedaje de nuestra web (alojamiento de datos en servidores externos), aplicaciones para la gesti\u00f3n de bases de datos o la asistencia t\u00e9cnica inform\u00e1tica.<\/p>\n\n\n\n<p>Transferencias Internacionales de datos<\/p>\n\n\n\n<p>No realizamos transferencias de sus datos personales a pa\u00edses que no pertenecen al Espacio Econ\u00f3mico Europeo (UE, Islandia, Liechtenstein y Noruega), ni tampoco a organizaciones internacionales.<\/p>\n\n\n\n<p>SUS DERECHOS EN PROTECCI\u00d3N DE DATOS<\/p>\n\n\n\n<ul class=\"wp-block-list\">\n<li>Derecho a solicitar el acceso a sus datos personales.<\/li>\n\n\n\n<li>Derecho a solicitar su rectificaci\u00f3n o supresi\u00f3n.<\/li>\n\n\n\n<li>Derecho a solicitar la limitaci\u00f3n de su tratamiento.<\/li>\n\n\n\n<li>Derecho a oponerse al tratamiento.<\/li>\n\n\n\n<li>Derecho a la portabilidad de los datos.<\/li>\n\n\n\n<li>Derecho a retirar el consentimiento prestado.<\/li>\n<\/ul>\n\n\n\n<p>Cualquier persona tiene derecho a obtener confirmaci\u00f3n sobre si en asesoriafiscalmarbella.es estamos tratando datos personales que le conciernan o no. Usted tiene derecho a acceder a sus datos personales, as\u00ed como a solicitar la rectificaci\u00f3n de los datos inexactos o, en su caso, solicitar su supresi\u00f3n cuando, entre otros motivos, los datos ya no sean necesarios para los fines que fueron recogidos.<\/p>\n\n\n\n<p>En determinadas circunstancias, usted podr\u00e1 solicitar la limitaci\u00f3n del tratamiento de sus datos, en cuyo caso \u00fanicamente los conservaremos para el ejercicio o la defensa de reclamaciones. Asimismo, en los supuestos legalmente establecidos, tendr\u00e1 derecho a la portabilidad de sus datos personales.<\/p>\n\n\n\n<p>En determinadas circunstancias y por motivos relacionados con su situaci\u00f3n particular, usted podr\u00e1 oponerse al tratamiento de sus datos. En este caso, asesoriafiscalmarbella.es dejar\u00e1 de tratar sus datos, salvo que existan motivos leg\u00edtimos imperiosos o para la formulaci\u00f3n, el ejercicio y la defensa de posibles reclamaciones.<\/p>\n\n\n\n<p>Tiene derecho a retirar el consentimiento prestado en cualquier momento, sin que ello afecte a la licitud del tratamiento basado en el consentimiento previo a su retirada.<\/p>\n\n\n\n<p>Puede oponerse al tratamiento de sus datos con fines comerciales y publicitarios enviando un e-mail a <a href=\"mailto:rocio@bocanegra.com\">contacto@asesoriafiscalmarbella.es<\/a><\/p>\n\n\n\n<p>Podr\u00e1 ejercitar materialmente sus derechos enviando un correo electr\u00f3nico a <a href=\"mailto:rocio@bocanegra.com\">contacto@asesoriafiscalmarbella.es<\/a> &nbsp;o una carta postal a&nbsp; Los Naranjos de Marbella 23 F1,&nbsp; 29660 Marbella \u2013 M\u00e1laga (Espa\u00f1a)<\/p>\n\n\n\n<p>En caso de que sienta vulnerados sus derechos en lo concerniente a la protecci\u00f3n de sus datos personales, especialmente cuando no haya obtenido satisfacci\u00f3n en el ejercicio de sus derechos, puede presentar una reclamaci\u00f3n ante la Agencia Espa\u00f1ola de Protecci\u00f3n de Datos a trav\u00e9s de su sitio web: <a href=\"http:\/\/www.aepd.es\/\">www.aepd.es<\/a><\/p>\n\n\n\n<p><\/p>\n","protected":false},"excerpt":{"rendered":"<p>De conformidad con lo establecido en el REGLAMENTO (UE) 2016\/679 de protecci\u00f3n de datos de car\u00e1cter personal y la Ley Org\u00e1nica 3\/2018, de 5 de diciembre, de Protecci\u00f3n de Datos y garant\u00eda de los derechos digitales, le informamos que a trav\u00e9s de este sitio web no se recaban datos de car\u00e1cter personal de los usuarios &#8230; <a title=\"Pol\u00edtica de Privacidad\" class=\"read-more\" href=\"https:\/\/asesoriafiscalmarbella.es\/index.php\/privacy-policy\/\" aria-label=\"Leer m\u00e1s sobre Pol\u00edtica de Privacidad\">Leer m\u00e1s<\/a><\/p>\n","protected":false},"author":1,"featured_media":0,"parent":0,"menu_order":0,"comment_status":"closed","ping_status":"open","template":"","meta":{"footnotes":""},"class_list":["post-3","page","type-page","status-publish"],"_links":{"self":[{"href":"https:\/\/asesoriafiscalmarbella.es\/index.php\/wp-json\/wp\/v2\/pages\/3","targetHints":{"allow":["GET"]}}],"collection":[{"href":"https:\/\/asesoriafiscalmarbella.es\/index.php\/wp-json\/wp\/v2\/pages"}],"about":[{"href":"https:\/\/asesoriafiscalmarbella.es\/index.php\/wp-json\/wp\/v2\/types\/page"}],"author":[{"embeddable":true,"href":"https:\/\/asesoriafiscalmarbella.es\/index.php\/wp-json\/wp\/v2\/users\/1"}],"replies":[{"embeddable":true,"href":"https:\/\/asesoriafiscalmarbella.es\/index.php\/wp-json\/wp\/v2\/comments?post=3"}],"version-history":[{"count":4,"href":"https:\/\/asesoriafiscalmarbella.es\/index.php\/wp-json\/wp\/v2\/pages\/3\/revisions"}],"predecessor-version":[{"id":22,"href":"https:\/\/asesoriafiscalmarbella.es\/index.php\/wp-json\/wp\/v2\/pages\/3\/revisions\/22"}],"wp:attachment":[{"href":"https:\/\/asesoriafiscalmarbella.es\/index.php\/wp-json\/wp\/v2\/media?parent=3"}],"curies":[{"name":"wp","href":"https:\/\/api.w.org\/{rel}","templated":true}]}}